{"id":11,"date":"2017-08-15T15:16:21","date_gmt":"2017-08-15T15:16:21","guid":{"rendered":"http:\/\/gerhard-frik.de\/?page_id=11"},"modified":"2018-08-18T16:51:25","modified_gmt":"2018-08-18T16:51:25","slug":"willkommen","status":"publish","type":"page","link":"https:\/\/gerhard-frik.de\/LEsolar\/","title":{"rendered":"Willkommen"},"content":{"rendered":"<div>Bereits im Jahr 1839 wurde die grunds\u00e4tzliche Wirkungsweise der Photovoltaik entdeckt. F\u00fcr die Raumfahrt war Photovoltaik unentbehrlich, anfangs zu astronomischen Preisen von ca. 750 000 Euro je kWp. Jahre sp\u00e4ter rechnete man bei abgelegenen meteorologischen Messstationen mit 50 000 Euro je kWp. Heute kosten Hausdachanlagen je nach Gr\u00f6\u00dfe ca. 1500 bis 2000 Euro je kWp. Neue Photovoltaik-Gro\u00dfkraftwerke liefern in Deutschland Strom zu 4-5 Cent je kWh. Weltweit nimmt der von der Sonne erzeugte Strom rasant zu.\n<\/div>\n<p><img loading=\"lazy\" decoding=\"async\" class=\"size-medium wp-image-116 alignleft\" src=\"https:\/\/gerhard-frik.de\/LEsolar\/wp-content\/uploads\/2017\/08\/05_red-300x198.jpg\" alt=\"\" width=\"300\" height=\"198\" srcset=\"https:\/\/gerhard-frik.de\/LEsolar\/wp-content\/uploads\/2017\/08\/05_red-300x198.jpg 300w, https:\/\/gerhard-frik.de\/LEsolar\/wp-content\/uploads\/2017\/08\/05_red.jpg 600w\" sizes=\"auto, (max-width: 300px) 85vw, 300px\" \/><\/p>\n<div>Der Verein LE-Solar e.V. betreibt seit dem Jahr 2005 eine Photovoltaikanlage auf dem Dach des Philipp-Matth\u00e4us-Hahn-Gymnasiums und erwirtschaftet aus der Stromeinspeisung Gewinne, die laut Satzung wieder f\u00fcr gemeinn\u00fctzige Umweltprojekte vor allem in Leinfelden-Echterdingen verwendet werden.<\/div>\n<h3><em>Wir freu<\/em><em>en u<\/em><em>ns \u00fcber Ihren Besuch!<\/em><\/h3>\n<h3><em>Vielen Dank f\u00fcr Ihr Interesse<\/em>.<\/h3>\n<p>&nbsp;<\/p>\n<p><a href=\"https:\/\/gerhard-frik.de\/LEsolar\/?page_id=311\">Impressum<\/a><br \/>\n<a href=\"https:\/\/gerhard-frik.de\/LEsolar\/?page_id=313\">Datenschutz<\/a><\/p>\n","protected":false},"excerpt":{"rendered":"<p>Bereits im Jahr 1839 wurde die grunds\u00e4tzliche Wirkungsweise der Photovoltaik entdeckt. F\u00fcr die Raumfahrt war Photovoltaik unentbehrlich, anfangs zu astronomischen Preisen von ca. 750 000 Euro je kWp. Jahre sp\u00e4ter rechnete man bei abgelegenen meteorologischen Messstationen mit 50 000 Euro je kWp. Heute kosten Hausdachanlagen je nach Gr\u00f6\u00dfe ca. 1500 bis 2000 Euro je kWp. &hellip; <a href=\"https:\/\/gerhard-frik.de\/LEsolar\/\" class=\"more-link\"><span class=\"screen-reader-text\">\u201eWillkommen\u201c <\/span>weiterlesen<\/a><\/p>\n","protected":false},"author":1,"featured_media":118,"parent":0,"menu_order":0,"comment_status":"closed","ping_status":"closed","template":"","meta":{"om_disable_all_campaigns":false,"_monsterinsights_skip_tracking":false,"_monsterinsights_sitenote_active":false,"_monsterinsights_sitenote_note":"","_monsterinsights_sitenote_category":0,"footnotes":""},"class_list":["post-11","page","type-page","status-publish","has-post-thumbnail","hentry"],"aioseo_notices":[],"_links":{"self":[{"href":"https:\/\/gerhard-frik.de\/LEsolar\/index.php?rest_route=\/wp\/v2\/pages\/11","targetHints":{"allow":["GET"]}}],"collection":[{"href":"https:\/\/gerhard-frik.de\/LEsolar\/index.php?rest_route=\/wp\/v2\/pages"}],"about":[{"href":"https:\/\/gerhard-frik.de\/LEsolar\/index.php?rest_route=\/wp\/v2\/types\/page"}],"author":[{"embeddable":true,"href":"https:\/\/gerhard-frik.de\/LEsolar\/index.php?rest_route=\/wp\/v2\/users\/1"}],"replies":[{"embeddable":true,"href":"https:\/\/gerhard-frik.de\/LEsolar\/index.php?rest_route=%2Fwp%2Fv2%2Fcomments&post=11"}],"version-history":[{"count":15,"href":"https:\/\/gerhard-frik.de\/LEsolar\/index.php?rest_route=\/wp\/v2\/pages\/11\/revisions"}],"predecessor-version":[{"id":434,"href":"https:\/\/gerhard-frik.de\/LEsolar\/index.php?rest_route=\/wp\/v2\/pages\/11\/revisions\/434"}],"wp:featuredmedia":[{"embeddable":true,"href":"https:\/\/gerhard-frik.de\/LEsolar\/index.php?rest_route=\/wp\/v2\/media\/118"}],"wp:attachment":[{"href":"https:\/\/gerhard-frik.de\/LEsolar\/index.php?rest_route=%2Fwp%2Fv2%2Fmedia&parent=11"}],"curies":[{"name":"wp","href":"https:\/\/api.w.org\/{rel}","templated":true}]}}