{"id":204,"date":"2017-08-17T18:38:14","date_gmt":"2017-08-17T18:38:14","guid":{"rendered":"http:\/\/gerhard-frik.de\/?page_id=204"},"modified":"2018-08-14T09:08:08","modified_gmt":"2018-08-14T09:08:08","slug":"historie","status":"publish","type":"page","link":"https:\/\/gerhard-frik.de\/LEsolar\/?page_id=204","title":{"rendered":"Historie"},"content":{"rendered":"<p>Im Forum &#8222;Umwelt und Verkehr&#8220; des B\u00fcrgerdialogs 2000x in LE wurde die Idee geboren, eine Photovoltaikanlage auf einem \u00f6ffentlichen Geb\u00e4ude mit Unterst\u00fctzung der Stadt und ihrer B\u00fcrger zu bauen.<\/p>\n<p>Dies konnte im Jahr 2005 mit der Errichtung der Vereinsanlage auf dem Dach des Philipp-Matth\u00e4us-Hahn-Gymnasiums in Echterdingen umgesetzt werden. Die Anlage hat eine Leistung von 5,5 kWp und wurde von der Firma Kurz Solar GmbH aus Stuttgart-Degerloch errichtet. Die Finanzierung erfolgte durch einen KfW-Kredit, durch Privatdarlehen, durch gro\u00dfz\u00fcgige Spenden und mit Hilfe von Eigenleistungen der Vereinsmitglieder beim Aufbau. Im Jahr 2006 konnte der Verein 3 B\u00fcrger bei der Errichtung von privaten Anlagen auf dem Dach des PMHG beraten und unterst\u00fctzen, so dass nunmehr insgesamt eine Leistung in H\u00f6he von 21,1 kWp installiert ist.<\/p>\n<p>Mit der Satzungs\u00e4nderung im Jahr 2018 wurde der Verein in einen F\u00f6rderverein umgewandelt.<\/p>\n<p><img loading=\"lazy\" decoding=\"async\" src=\"https:\/\/gerhard-frik.de\/LEsolar\/wp-content\/uploads\/2018\/08\/20032-300x200.jpg\" alt=\"\" width=\"300\" height=\"200\" class=\"alignnone size-medium wp-image-352\" srcset=\"https:\/\/gerhard-frik.de\/LEsolar\/wp-content\/uploads\/2018\/08\/20032-300x200.jpg 300w, https:\/\/gerhard-frik.de\/LEsolar\/wp-content\/uploads\/2018\/08\/20032.jpg 768w\" sizes=\"auto, (max-width: 300px) 85vw, 300px\" \/><\/p>\n","protected":false},"excerpt":{"rendered":"<p>Im Forum &#8222;Umwelt und Verkehr&#8220; des B\u00fcrgerdialogs 2000x in LE wurde die Idee geboren, eine Photovoltaikanlage auf einem \u00f6ffentlichen Geb\u00e4ude mit Unterst\u00fctzung der Stadt und ihrer B\u00fcrger zu bauen. Dies konnte im Jahr 2005 mit der Errichtung der Vereinsanlage auf dem Dach des Philipp-Matth\u00e4us-Hahn-Gymnasiums in Echterdingen umgesetzt werden. Die Anlage hat eine Leistung von 5,5 &hellip; <a href=\"https:\/\/gerhard-frik.de\/LEsolar\/?page_id=204\" class=\"more-link\"><span class=\"screen-reader-text\">\u201eHistorie\u201c <\/span>weiterlesen<\/a><\/p>\n","protected":false},"author":1,"featured_media":0,"parent":0,"menu_order":0,"comment_status":"closed","ping_status":"closed","template":"","meta":{"om_disable_all_campaigns":false,"_monsterinsights_skip_tracking":false,"_monsterinsights_sitenote_active":false,"_monsterinsights_sitenote_note":"","_monsterinsights_sitenote_category":0,"footnotes":""},"class_list":["post-204","page","type-page","status-publish","hentry"],"aioseo_notices":[],"_links":{"self":[{"href":"https:\/\/gerhard-frik.de\/LEsolar\/index.php?rest_route=\/wp\/v2\/pages\/204","targetHints":{"allow":["GET"]}}],"collection":[{"href":"https:\/\/gerhard-frik.de\/LEsolar\/index.php?rest_route=\/wp\/v2\/pages"}],"about":[{"href":"https:\/\/gerhard-frik.de\/LEsolar\/index.php?rest_route=\/wp\/v2\/types\/page"}],"author":[{"embeddable":true,"href":"https:\/\/gerhard-frik.de\/LEsolar\/index.php?rest_route=\/wp\/v2\/users\/1"}],"replies":[{"embeddable":true,"href":"https:\/\/gerhard-frik.de\/LEsolar\/index.php?rest_route=%2Fwp%2Fv2%2Fcomments&post=204"}],"version-history":[{"count":6,"href":"https:\/\/gerhard-frik.de\/LEsolar\/index.php?rest_route=\/wp\/v2\/pages\/204\/revisions"}],"predecessor-version":[{"id":354,"href":"https:\/\/gerhard-frik.de\/LEsolar\/index.php?rest_route=\/wp\/v2\/pages\/204\/revisions\/354"}],"wp:attachment":[{"href":"https:\/\/gerhard-frik.de\/LEsolar\/index.php?rest_route=%2Fwp%2Fv2%2Fmedia&parent=204"}],"curies":[{"name":"wp","href":"https:\/\/api.w.org\/{rel}","templated":true}]}}

<p>Im Forum &#8222;Umwelt und Verkehr&#8220; des Bürgerdialogs 2000x in LE wurde die Idee geboren, eine Photovoltaikanlage auf einem öffentlichen Gebäude mit Unterstützung der Stadt und ihrer Bürger zu bauen.</p>
<p>Dies konnte im Jahr 2005 mit der Errichtung der Vereinsanlage auf dem Dach des Philipp-Matthäus-Hahn-Gymnasiums in Echterdingen umgesetzt werden. Die Anlage hat eine Leistung von 5,5 kWp und wurde von der Firma Kurz Solar GmbH aus Stuttgart-Degerloch errichtet. Die Finanzierung erfolgte durch einen KfW-Kredit, durch Privatdarlehen, durch großzügige Spenden und mit Hilfe von Eigenleistungen der Vereinsmitglieder beim Aufbau. Im Jahr 2006 konnte der Verein 3 Bürger bei der Errichtung von privaten Anlagen auf dem Dach des PMHG beraten und unterstützen, so dass nunmehr insgesamt eine Leistung in Höhe von 21,1 kWp installiert ist.</p>
<p>Mit der Satzungsänderung im Jahr 2018 wurde der Verein in einen Förderverein umgewandelt.</p>
<p><img loading="lazy" decoding="async" src="https://gerhard-frik.de/LEsolar/wp-content/uploads/2018/08/20032-300x200.jpg" alt="" width="300" height="200" class="alignnone size-medium wp-image-352" srcset="https://gerhard-frik.de/LEsolar/wp-content/uploads/2018/08/20032-300x200.jpg 300w, https://gerhard-frik.de/LEsolar/wp-content/uploads/2018/08/20032.jpg 768w" sizes="auto, (max-width: 300px) 85vw, 300px" /></p>

<p>Im Forum &#8222;Umwelt und Verkehr&#8220; des Bürgerdialogs 2000x in LE wurde die Idee geboren, eine Photovoltaikanlage auf einem öffentlichen Gebäude mit Unterstützung der Stadt und ihrer Bürger zu bauen. Dies konnte im Jahr 2005 mit der Errichtung der Vereinsanlage auf dem Dach des Philipp-Matthäus-Hahn-Gymnasiums in Echterdingen umgesetzt werden. Die Anlage hat eine Leistung von 5,5 &hellip; <a href="https://gerhard-frik.de/LEsolar/?page_id=204" class="more-link"><span class="screen-reader-text">„Historie“ </span>weiterlesen</a></p>
